 digit of l/(-54) + 1671/9?
5
Let r = -32 - -35. Suppose -r*t - 2*c - 3*c + 82 = 0, -t + 26 = c. Suppose p = 3*p - t. What is the tens digit of p?
1
Let g(v) = -2*v**3 - 3*v**2 - 2*v - 4. Let c be g(-2). Suppose -2*u - 10 = 0, -2*k + c*u = -7*k + 20. Suppose -9*f + k*f = -122. What is the units digit of f?
2
Let i(w) = -w**3 - 23*w**2 - 2*w + 16. Let t be i(-23). Suppose -5*v = r + t, 4*r - r = -5*v - 56. What is the tens digit of (0 - (v - -1)) + 1?
1
Let w be ((-3)/6)/(5 - 7358/1472). Let d = w - -628. What is the tens digit of d?
6
Let o be (63/42)/(6*2/224). Let c be (-12)/o - 2542/14. Let t = 303 + c. What is the units digit of t?
1
What is the hundreds digit of (-242798)/(-18) - (-33)/(-2673)*-18?
4
Suppose 4*r = 10*i - 13*i + 55920, 4*i = -5*r + 69899. What is the tens digit of r?
8
Let w = -182 - -192. What is the hundreds digit of 30/(-72)*-6*716/w?
1
Suppose 668 = 11*w - 7*w. Let v be ((-172)/(-6))/(((-144)/27)/8). Let n = v + w. What is the units digit of n?
4
What is the tens digit of (((-1008)/(-35))/16)/(3/11425)?
5
What is the thousands digit of (-918302)/(-66) - (2 - 34/18)*-3?
3
Let o be (-107)/(-4) + (-33)/44. Let y = o - 2. Let u = 48 - y. What is the units digit of u?
4
Let g = 5336 + -3787. Suppose -g = 12*v - 4237. What is the units digit of v?
4
Let i(m) = 1 - 13*m**2 + 22*m - 21*m + 12*m**2 - 21*m**3. Let l be (7/(-2) - -4)*-2. What is the tens digit of i(l)?
2
Let g(p) = -2*p**3 - 24*p**2 + 220*p + 81. Let o be g(-18). Let w = -3 - -12. Suppose o*c - 3888 = -w*c. What is the units digit of c?
6
What is the units digit of 2250*((-63)/(-14) - 4)?
5
Let b be 7 + -12 - (-414)/(-2). Suppose 5*p - 48 + 1898 = 0. Let a = b - p. What is the tens digit of a?
5
Let u(k) = 300*k - 3230. What is the tens digit of u(14)?
7
Let c = -7374 + 27111. What is the tens digit of c?
3
Suppose 28*u = 12 + 44. Suppose -u*q = -3*q - 4, -5*q = -3*s + 2261. What is the hundreds digit of s?
7
Let u(v) = 103*v + 72. Let n = 255 - 251. What is the tens digit of u(n)?
8
Suppose -5*n + 2*x = -44983 - 38560, 5*x = -5*n + 83585. What is the tens digit of n?
1
Suppose -166*m + 2011944 - 510772 = -780996. What is the hundreds digit of m?
7
Suppose 36*p = 40*p - 308. Let n = 57 - p. Let m(v) = -4*v + 14. What is the units digit of m(n)?
4
Let r(b) = 72*b + 8. Let n(d) = d + 1. Let c(v) = 4*n(v) + r(v). What is the tens digit of c(3)?
4
Let g(u) = 4*u**3 - 2*u**2 - 16*u. What is the thousands digit of g(13)?
8
Suppose -8*j - 259 + 291 = 0. Suppose -4*i + j*u + 1084 = 0, 0 = u + 5. What is the tens digit of i?
6
Suppose 598959 - 1808674 = -185*t. What is the thousands digit of t?
6
Let a(w) = w**3 - 39*w**2 - 11*w + 517. What is the tens digit of a(41)?
2
Let w(o) = o**3 - 36*o**2 + 166*o - 12. Let m be (-7)/(-1) + (17 - -7). What is the units digit of w(m)?
9
Suppose -g - 9 = -77. Suppose -8*h - 16 = -5*w - 4*h, 8 = 3*w - 4*h. Suppose -4*y + 3*n + 220 = 0, -g = w*y - 2*n - 288. What is the tens digit of y?
5
Let q = -31567 + 53769. Suppose 488*a - q = 471*a. What is the hundreds digit of a?
3
Suppose -15*a - 32*a = -555 - 19232. What is the tens digit of a?
2
Let r(u) = 12*u - 21. Let o be r(13). Let b = 228 - o. Let i = b - -18. What is the tens digit of i?
1
What is the tens digit of (-10)/(6/(-24)*1 + (-510)/(-2072))?
9
Let y(a) = 300*a + 83. Let p(g) = -75*g - 21. Let z(x) = 9*p(x) + 2*y(x). What is the hundreds digit of z(-4)?
2
Suppose 5*h + 1535 + 6370 = 2*a, 2*a = 4*h + 7908. Suppose 0 = 146*q - 135*q - a. What is the units digit of q?
0
Let y(r) = -2339*r + 995. What is the units digit of y(-7)?
8
Suppose 2*c = 5 - 1. Suppose -10*w + 7*w + 1007 = 5*p, -c*w + 678 = 2*p. What is the units digit of w?
4
What is the ten thousands digit of (-8)/104 + 1836660/91?
2
Let u be (-8)/(-14)*(5/10 + 3). Suppose 4*d - 16 = 0, -3*w - w + 468 = u*d. What is the units digit of w?
5
Suppose 2*a - 185 = 2*z + 51, -4*z - 352 = -3*a. Suppose -2*t - 2*t + a = 0. Let q = 35 - t. What is the units digit of q?
5
Let t(z) = z**3 - 6*z**2 + 16*z - 2*z**3 - 14 - 11*z**2. Suppose -38*f = -41*f - 54. What is the tens digit of t(f)?
2
Let l = 31 + -34. Let o = l - -38. Let r = 81 - o. What is the tens digit of r?
4
Suppose -20*p = -10*p - 340. Suppose 0 = 35*l - p*l - 605. What is the tens digit of l?
0
Let a = -7094 + 18903. What is the thousands digit of a?
1
Let z(j) = j**3 + 4*j**2 + 2*j + 6. Let r be z(-4). Let u be ((-2)/(-6))/(4/72). What is the hundreds digit of (r/u)/((-3)/1791)?
1
Let z(p) = -p**3 + 65*p**2 + 210*p - 174. What is the tens digit of z(67)?
1
Let c = 4866 + -1235. What is the units digit of c?
1
Suppose 82*r + 44*r - 30*r = 242784. What is the thousands digit of r?
2
Suppose f - 869 = -4*n + 529, 0 = 2*n - 2*f - 704. Let j = -201 + n. What is the units digit of (-1)/2 - j/(-2)?
4
Let c(d) = 4*d - 15. Let u be c(4). Let o be 0/u - 60/(2/1). Let k = o + 74. What is the tens digit of k?
4
Suppose -60*l + 379742 = 82262. What is the units digit of l?
8
Let l = -170 - -190. Let h = 215 + l. What is the hundreds digit of h?
2
Let p(o) = 88*o - 108. Suppose -2*a - 4*k = -2 - 0, -2*a + 20 = -2*k. What is the units digit of p(a)?
8
What is the tens digit of ((1/(-6))/(1/3))/((-8)/46368)?
9
Let o(y) = -5*y**2 - 988*y + 579. What is the hundreds digit of o(-158)?
8
Let s be -1 + (-2)/((8/12)/(-1)). Suppose -s*k = -z + 698, -3*z = -0*z - 2*k - 2090. What is the hundreds digit of z?
6
Suppose w - 5*o = 20, 4*w - 2*w + 4*o = -30. Let v(p) = 16*p - 1. Let h(b) = 395*b - 20. Let x(g) = 2*h(g) - 50*v(g). What is the tens digit of x(w)?
6
Let a(c) = 4*c**2 + 9*c - 50. Let b be a(-11). Let w = 575 - b. What is the tens digit of w?
4
Let l be ((-542)/(-2) - 5) + 5. Let j = 618 - l. What is the units digit of j?
7
Let g = -44 + 55. Suppose -6*r + g*r = 10. Suppose -3*x - a + 206 = r*x, 34 = x + 2*a. What is the tens digit of x?
4
Suppose 0 = -7*k + 6*k - 9. Let p be (-1 + 1 + -3)*(-6)/k. What is the tens digit of p*3/6*(-47 + 5)?
4
Let x(s) = 2*s + 16. Let y be x(-7). Let z = -568 + 580. Suppose -3*i = -z, -y*o = i - 27 + 3. What is the units digit of o?
0
Suppose -5 - 3 = -4*i. Let q(x) = 32*x**2 + 2*x + 11 - 30*x**2 + 16*x - i*x. What is the tens digit of q(-8)?
1
Let h be -1 + -1*0/1. Let b(m) = -643*m + 16. Let w(u) = 124*u - 3. Let q(y) = -2*b(y) - 11*w(y). What is the tens digit of q(h)?
7
Let k(f) = 7*f**2 + 37*f - 17. What is the units digit of k(14)?
3
Suppose 0*b + 4*t = -b + 10, 4 = 2*t. Let z(w) = 73 - 3*w**b - 70 - 6*w - 2*w**2 - 2*w**3. What is the tens digit of z(-5)?
5
Let j = -5043 + 20269. What is the ten thousands digit of j?
1
Let k be -3 + 6 - 3 - 2050/(-5). Suppose 4*z = 4*i + 328, -4*z + k = z + 2*i. What is the tens digit of z?
8
Let u(c) be the third derivative of -337*c**4/24 - 67*c**3 + 23*c**2 + 5. What is the units digit of u(-6)?
0
Let f(c) = -c**3 + 8*c**2 - c + 2. Let z be f(4). Suppose 6*h + z = 5*h. What is the units digit of -2*(h + -3 - -3) + 0?
4
Suppose 6*a - a + 10 = -5*x, -4*x + 7 = a. Suppose -x*r + 1694 = 4*r. Let w = -128 + r. What is the tens digit of w?
1
Suppose 249*a = 244*a + 2*c + 116524, 2 = -c. What is the tens digit of a?
0
What is the units digit of ((-95)/(-5))/(43/32938)?
4
Let n = 0 - -4. Let c be (8 - 9) + n + -1. What is the tens digit of (5/(-10))/(c/(-144))?
3
Suppose -7*f = -f - 162. Suppose -114 = 24*j - f*j. Let m = j + -20. What is the tens digit of m?
1
Let o(k) = -2*k**3 - 5*k**2 + 22*k - 9. Let w be o(-6). Let u = w + 663. What is the units digit of u?
4
Let j = 116 + -118. Let c be (-8)/(-20)*(-7 - j). What is the units digit of (152 - c - -4)/2?
9
What is the tens digit of (-4)/(-66) - ((-21230860)/330 - 29)?
6
Let q(z) = 37*z + 14. Suppose -3*m + 17 = n - 2, -5*n + 5 = -3*m. Let s be q(m). Let d = -103 + s. What is the tens digit of d?
9
Let l(g) = 35*g - 132. What is the units digit of l(14)?
8
Suppose -412*d + 303002 = -366*d. What is the tens digit of d?
8
Suppose 5*q = 17*x - 14*x + 743, x - 457 = -3*q. Suppose 12*p - 6919 = -q. What is the hundreds digit of p?
5
Let j = -8415 + 11903. Suppose j = 20*y - 6452. What is the units digit of y?
7
Let r(z) = 5*z - 21. Let l be r(6). Suppose 7*n + 80 = l*n. Suppose 0 = -3*p + n + 74. What is the tens digit of p?
3
Let v be -10 + ((-15)/5 - -7). Let a(s) 